{"id":656,"date":"2026-03-03T12:32:20","date_gmt":"2026-03-03T12:32:20","guid":{"rendered":"https:\/\/www.moulindemaulne.com\/?page_id=656"},"modified":"2026-03-03T14:07:32","modified_gmt":"2026-03-03T14:07:32","slug":"holidays-and-short-stays-package","status":"publish","type":"page","link":"https:\/\/www.moulindemaulne.com\/fr\/holidays-and-short-stays-package\/","title":{"rendered":"forfait Vacances et Courts S\u00e9jours"},"content":{"rendered":"<div id='layer_slider_1'  class='avia-layerslider main_color avia-shadow  avia-builder-el-0  el_before_av_one_third  avia-builder-el-first  container_wrap sidebar_left'  style='height: 301px; max-width: 1180px; margin: 0 auto;'  ><\/div><div id='after_layer_slider_1'  class='main_color av_default_container_wrap container_wrap sidebar_left'  ><div class='container av-section-cont-open' ><div class='template-page content  av-content-small units'><div class='post-entry post-entry-type-page post-entry-656'><div class='entry-content-wrapper clearfix'>\n<div class='flex_column av-gqbdk-3ba021ac4bea3531ba8363cbd5945347 av_one_third  avia-builder-el-1  el_after_av_layerslider  el_before_av_two_third  avia-builder-el-first  first flex_column_div'     ><style type=\"text\/css\" data-created_by=\"avia_inline_auto\" id=\"style-css-av-ljh68-4abea5b119fbb1599b413cf508d64aa1\">\n.avia-image-container.av-ljh68-4abea5b119fbb1599b413cf508d64aa1 img.avia_image{\nbox-shadow:none;\n}\n.avia-image-container.av-ljh68-4abea5b119fbb1599b413cf508d64aa1 .av-image-caption-overlay-center{\ncolor:#ffffff;\n}\n<\/style>\n<div  class='avia-image-container av-ljh68-4abea5b119fbb1599b413cf508d64aa1 av-styling- avia-align-center  avia-builder-el-2  avia-builder-el-no-sibling'   itemprop=\"image\" itemscope=\"itemscope\" itemtype=\"https:\/\/schema.org\/ImageObject\" ><div class=\"avia-image-container-inner\"><div class=\"avia-image-overlay-wrap\"><img decoding=\"async\" class='wp-image-426 avia-img-lazy-loading-not-426 avia_image' src=\"https:\/\/www.moulindemaulne.com\/wp-content\/uploads\/2022\/10\/bookings-side-180x300.jpg\" alt='Dates and booking at Moulin de Maulne' title='Dates and booking at Moulin de Maulne'  height=\"300\" width=\"180\"  itemprop=\"thumbnailUrl\" srcset=\"https:\/\/www.moulindemaulne.com\/wp-content\/uploads\/2022\/10\/bookings-side-180x300.jpg 180w, https:\/\/www.moulindemaulne.com\/wp-content\/uploads\/2022\/10\/bookings-side-7x12.jpg 7w, https:\/\/www.moulindemaulne.com\/wp-content\/uploads\/2022\/10\/bookings-side.jpg 300w\" sizes=\"(max-width: 180px) 100vw, 180px\" \/><\/div><\/div><\/div><\/div>\n<div class='flex_column av-4ux59k-8cc9ddfb7e97767392356d3bed0c2ec1 av_two_third  avia-builder-el-3  el_after_av_one_third  el_before_av_hr  flex_column_div'     ><p>\n<style type=\"text\/css\" data-created_by=\"avia_inline_auto\" id=\"style-css-av-mmalb0ut-95d2aa1a03f35c57e258eac9866273d1\">\n#top .av-special-heading.av-mmalb0ut-95d2aa1a03f35c57e258eac9866273d1{\npadding-bottom:10px;\n}\nbody .av-special-heading.av-mmalb0ut-95d2aa1a03f35c57e258eac9866273d1 .av-special-heading-tag .heading-char{\nfont-size:25px;\n}\n.av-special-heading.av-mmalb0ut-95d2aa1a03f35c57e258eac9866273d1 .av-subheading{\nfont-size:15px;\n}\n<\/style>\n<div  class='av-special-heading av-mmalb0ut-95d2aa1a03f35c57e258eac9866273d1 av-special-heading-h2 blockquote modern-quote  avia-builder-el-4  el_before_av_textblock  avia-builder-el-first'><h2 class='av-special-heading-tag'  itemprop=\"headline\"  >FORFAIT \u00ab VACANCES ET COURTS S\u00c9JOURS \u00bb<\/h2><div class=\"special-heading-border\"><div class=\"special-heading-inner-border\"><\/div><\/div><\/div><br \/>\n<section  class='av_textblock_section av-eaybc-13e013c0b4b4b2471e930805637cd9ab'  itemscope=\"itemscope\" itemtype=\"https:\/\/schema.org\/CreativeWork\" ><div class='avia_textblock'  itemprop=\"text\" ><p><strong>Tarifs 2027 et 2028 :<\/strong><\/p>\n<\/div><\/section><br \/>\n<div  class='avia-table av-4rzo74-2fb3eb54a6bcbbdd049dd43d1f07e05b main_color avia-pricing-table-container avia_show_empty_cells avia_pricing_default  avia-builder-el-6  el_after_av_textblock  avia-builder-el-last  avia-table-1'  itemscope=\"itemscope\" itemtype=\"https:\/\/schema.org\/Table\" ><div class=\"pricing-table-wrap\"><ul class='pricing-table avia-highlight-col'><li class='avia-heading-row empty-table-cell'><div class='first-table-item'><span class='fallback-table-val'>Basse Saison<\/span><\/div><span class='pricing-extra'><\/span><\/li><li class=''><strong>Week-end<\/strong><\/li><li class=''><strong>Week-end prolong\u00e9 ( 3 nuits )<\/strong><\/li><li class=''><strong>Nuits suivantes<\/strong><\/li><li class=''><strong>Semaine<\/strong><\/li><\/ul><\/div><div class=\"pricing-table-wrap\"><ul class='pricing-table avia-center-col'><li class='avia-heading-row'><div class='first-table-item'>Basse Saison<\/div><span class='pricing-extra'><\/span><\/li><li class=''>1900<\/li><li class=''>2250<\/li><li class=''>440<\/li><li class=''>4000<\/li><\/ul><\/div><div class=\"pricing-table-wrap\"><ul class='pricing-table avia-center-col'><li class='avia-heading-row'><div class='first-table-item'>Moy. Saison**<\/div><span class='pricing-extra'><\/span><\/li><li class=''>2400<\/li><li class=''>2800<\/li><li class=''>500<\/li><li class=''>4800<\/li><\/ul><\/div><div class=\"pricing-table-wrap\"><ul class='pricing-table avia-center-col'><li class='avia-heading-row'><div class='first-table-item'>Haute Saison<\/div><span class='pricing-extra'><\/span><\/li><li class=''>3000<\/li><li class=''>3680<\/li><li class=''>740<\/li><li class=''>6640<\/li><\/ul><\/div><\/div><\/p><\/div>\n\n<style type=\"text\/css\" data-created_by=\"avia_inline_auto\" id=\"style-css-av-tj08-3ae981d1fc9277c5b1af92f594e939a9\">\n#top .hr.av-tj08-3ae981d1fc9277c5b1af92f594e939a9{\nmargin-top:30px;\nmargin-bottom:30px;\n}\n.hr.av-tj08-3ae981d1fc9277c5b1af92f594e939a9 .hr-inner{\nwidth:600px;\nmax-width:45%;\n}\n<\/style>\n<div  class='hr av-tj08-3ae981d1fc9277c5b1af92f594e939a9 hr-custom  avia-builder-el-7  el_after_av_two_third  el_before_av_one_full  hr-center hr-icon-yes'><span class='hr-inner inner-border-av-border-fat'><span class=\"hr-inner-style\"><\/span><\/span><span class='av-seperator-icon' aria-hidden='true' data-av_icon='\ue828' data-av_iconfont='entypo-fontello'><\/span><span class='hr-inner inner-border-av-border-fat'><span class=\"hr-inner-style\"><\/span><\/span><\/div>\n<div class='flex_column av-cqv0w-53dc60573211f2d9e144e4744aff3de8 av_one_full  avia-builder-el-8  el_after_av_hr  avia-builder-el-last  first flex_column_div'     ><p><section  class='av_textblock_section av-mmalo35z-20c0295ab9c90ae44f49a4bb25036dbb'  itemscope=\"itemscope\" itemtype=\"https:\/\/schema.org\/CreativeWork\" ><div class='avia_textblock'  itemprop=\"text\" ><p><em><strong>Dur\u00e9e de s\u00e9jour minimum : 2 nuits ;<\/strong><\/em><\/p>\n<p><em><strong>** Moyenne Saison :<\/strong><\/em> De la mi-avril \u00e0 la mi-mai et de la fin-septembre \u00e0 la fin-octobre;<\/p>\n<p>\u00c0 partir de 2e week-end du juillet, les mois de juillet et ao\u00fbt sont reserves pour la location \u00e0 la semaine ;<\/p>\n<p>Pour la location de 2 nuits comprenant un jour f\u00e9ri\u00e9 le tarif de la Haute Saison est appliqu\u00e9 ;<\/p>\n<h4><strong>Le forfait Vacances et courts s\u00e9jours comprend\u00a0:<\/strong><\/h4>\n<p>La location du <a href=\"https:\/\/www.moulindemaulne.com\/fr\/accommodation-building\/\">B\u00e2timent d'Hebergement<\/a> avec ses patios et terrasses, et elle comprend :<\/p>\n<ul>\n<li>toutes les charges ;<\/li>\n<li>le linge de lit - les lits sont faits avant l\u2019arriv\u00e9e de nos h\u00f4tes ;<\/li>\n<li>les serviettes de bain (nous ne fournissons pas les serviettes pour la piscine en revanche) ;<\/li>\n<li>linge de table, linge de cuisine et de m\u00e9nage ;<\/li>\n<li>produit de nettoyage ;<\/li>\n<li>le m\u00e9nage (dans la condition que le lieu est laiss\u00e9 dans un \u00e9tat correct, autrement un suppl\u00e9ment de 330 euros est demand\u00e9) ;<\/li>\n<\/ul>\n<p>L\u2019acc\u00e8s \u00e0 tous les espaces ext\u00e9rieurs :<\/p>\n<ul>\n<li>la piscine chauff\u00e9e, s\u00e9curis\u00e9e ;<\/li>\n<li>espace pour le repas en plein air \u00e9quip\u00e9 en un barbecue, couvert par des voiles d\u2019ombrage ;<\/li>\n<li>aire de jeux ;<\/li>\n<li>Parking ;<\/li>\n<li>le cours d'eau, les champs et terrains du domaine ;<\/li>\n<\/ul>\n<p><strong>Ce forfait n\u2019inclut pas l\u2019acc\u00e8s et l\u2019utilisation du B\u00e2timent de R\u00e9ception, ces patios et terrasses.<\/strong><\/p>\n<p><strong>Si vous choisissez le forfait \u00ab Vacances et Courts S\u00e9jours \u00bb. vous avez la garantie contractuelle que ni le B\u00e2timent de R\u00e9ception, ni aucun autre espace du domaine n\u2019est lou\u00e9 aux tiers personnes pendant votre s\u00e9jour.<\/strong><\/p>\n<p><strong>Vous et votre groupe, vous \u00eates le seuls occupants de Moulin de Maulne pendant votre week-end ou vos vacances avec cette formule.<\/strong><\/p>\n<\/div><\/section><br \/>\n\n<style type=\"text\/css\" data-created_by=\"avia_inline_auto\" id=\"style-css-av-729a8-bfc72e79c98da3d7110884e36d331e01\">\n#top .hr.av-729a8-bfc72e79c98da3d7110884e36d331e01{\nmargin-top:30px;\nmargin-bottom:30px;\n}\n.hr.av-729a8-bfc72e79c98da3d7110884e36d331e01 .hr-inner{\nwidth:600px;\nmax-width:45%;\n}\n<\/style>\n<div  class='hr av-729a8-bfc72e79c98da3d7110884e36d331e01 hr-custom  avia-builder-el-10  el_after_av_textblock  el_before_av_textblock  hr-center hr-icon-yes'><span class='hr-inner inner-border-av-border-fat'><span class=\"hr-inner-style\"><\/span><\/span><span class='av-seperator-icon' aria-hidden='true' data-av_icon='\ue828' data-av_iconfont='entypo-fontello'><\/span><span class='hr-inner inner-border-av-border-fat'><span class=\"hr-inner-style\"><\/span><\/span><\/div><br \/>\n<section  class='av_textblock_section av-mmalu74v-681d81ceea43850f7cce744d308df811'  itemscope=\"itemscope\" itemtype=\"https:\/\/schema.org\/CreativeWork\" ><div class='avia_textblock'  itemprop=\"text\" ><h4>Modalit\u00e9s de reservation et modes des paiements :<\/h4>\n<p>La r\u00e9servation est effectu\u00e9e par la signature du contrat comprenant les condition g\u00e9n\u00e9rales de location, accompagn\u00e9 du r\u00e8glement des arrhes ( 30% du prix total de location ).<\/p>\n<p>Le solde est d\u00fb au plus tard 2 semaines avant le debut de votre location.<\/p>\n<p><em>Nous acceptons les r\u00e8glements par virement bancaire, par cheque ou carte de paiement (CB - Visa, V PAY, Electron \u2013 Maestro, Mastercard, r\u00e8glement via un lien de paiement s\u00e9curis\u00e9,  application SogEcommerce de Soci\u00e9t\u00e9 G\u00e9n\u00e9rale).<\/em><\/p>\n<p><strong>Remise des cl\u00e9s :<\/strong><\/p>\n<p><em>Nous accueillons nos h\u00f4tes personnellement.<\/em> \u00c0 votre arrive nous sommes ravis de prendre votre connaissance, de vous presenter le lieu et de r\u00e9pondre \u00e0 vos questions \u00e9ventuelles.<\/p>\n<p><strong>Animaux de compagnie :<\/strong><\/p>\n<p>Les animaux de compagnie sur les site ne sont pas admis.<\/p>\n<\/div><\/section><\/p><\/div>","protected":false},"excerpt":{"rendered":"","protected":false},"author":1,"featured_media":0,"parent":0,"menu_order":0,"comment_status":"closed","ping_status":"closed","template":"","meta":{"footnotes":""},"class_list":["post-656","page","type-page","status-publish","hentry"],"_links":{"self":[{"href":"https:\/\/www.moulindemaulne.com\/fr\/wp-json\/wp\/v2\/pages\/656","targetHints":{"allow":["GET"]}}],"collection":[{"href":"https:\/\/www.moulindemaulne.com\/fr\/wp-json\/wp\/v2\/pages"}],"about":[{"href":"https:\/\/www.moulindemaulne.com\/fr\/wp-json\/wp\/v2\/types\/page"}],"author":[{"embeddable":true,"href":"https:\/\/www.moulindemaulne.com\/fr\/wp-json\/wp\/v2\/users\/1"}],"replies":[{"embeddable":true,"href":"https:\/\/www.moulindemaulne.com\/fr\/wp-json\/wp\/v2\/comments?post=656"}],"version-history":[{"count":10,"href":"https:\/\/www.moulindemaulne.com\/fr\/wp-json\/wp\/v2\/pages\/656\/revisions"}],"predecessor-version":[{"id":679,"href":"https:\/\/www.moulindemaulne.com\/fr\/wp-json\/wp\/v2\/pages\/656\/revisions\/679"}],"wp:attachment":[{"href":"https:\/\/www.moulindemaulne.com\/fr\/wp-json\/wp\/v2\/media?parent=656"}],"curies":[{"name":"wp","href":"https:\/\/api.w.org\/{rel}","templated":true}]}}

forfait Vacances et Courts Séjours

<div id='layer_slider_1'  class='avia-layerslider main_color avia-shadow  avia-builder-el-0  el_before_av_one_third  avia-builder-el-first  container_wrap sidebar_left'  style='height: 301px; max-width: 1180px; margin: 0 auto;'  ></div><div id='after_layer_slider_1'  class='main_color av_default_container_wrap container_wrap sidebar_left'  ><div class='container av-section-cont-open' ><div class='template-page content  av-content-small units'><div class='post-entry post-entry-type-page post-entry-656'><div class='entry-content-wrapper clearfix'>
<div class='flex_column av-gqbdk-3ba021ac4bea3531ba8363cbd5945347 av_one_third  avia-builder-el-1  el_after_av_layerslider  el_before_av_two_third  avia-builder-el-first  first flex_column_div'     ><style type="text/css" data-created_by="avia_inline_auto" id="style-css-av-ljh68-4abea5b119fbb1599b413cf508d64aa1">
.avia-image-container.av-ljh68-4abea5b119fbb1599b413cf508d64aa1 img.avia_image{
box-shadow:none;
}
.avia-image-container.av-ljh68-4abea5b119fbb1599b413cf508d64aa1 .av-image-caption-overlay-center{
color:#ffffff;
}
</style>
<div  class='avia-image-container av-ljh68-4abea5b119fbb1599b413cf508d64aa1 av-styling- avia-align-center  avia-builder-el-2  avia-builder-el-no-sibling'   itemprop="image" itemscope="itemscope" itemtype="https://schema.org/ImageObject" ><div class="avia-image-container-inner"><div class="avia-image-overlay-wrap"><img decoding="async" class='wp-image-426 avia-img-lazy-loading-not-426 avia_image' src="https://www.moulindemaulne.com/wp-content/uploads/2022/10/bookings-side-180x300.jpg" alt='Dates and booking at Moulin de Maulne' title='Dates and booking at Moulin de Maulne'  height="300" width="180"  itemprop="thumbnailUrl" srcset="https://www.moulindemaulne.com/wp-content/uploads/2022/10/bookings-side-180x300.jpg 180w, https://www.moulindemaulne.com/wp-content/uploads/2022/10/bookings-side-7x12.jpg 7w, https://www.moulindemaulne.com/wp-content/uploads/2022/10/bookings-side.jpg 300w" sizes="(max-width: 180px) 100vw, 180px" /></div></div></div></div>
<div class='flex_column av-4ux59k-8cc9ddfb7e97767392356d3bed0c2ec1 av_two_third  avia-builder-el-3  el_after_av_one_third  el_before_av_hr  flex_column_div'     ><p>
<style type="text/css" data-created_by="avia_inline_auto" id="style-css-av-mmalb0ut-95d2aa1a03f35c57e258eac9866273d1">
#top .av-special-heading.av-mmalb0ut-95d2aa1a03f35c57e258eac9866273d1{
padding-bottom:10px;
}
body .av-special-heading.av-mmalb0ut-95d2aa1a03f35c57e258eac9866273d1 .av-special-heading-tag .heading-char{
font-size:25px;
}
.av-special-heading.av-mmalb0ut-95d2aa1a03f35c57e258eac9866273d1 .av-subheading{
font-size:15px;
}
</style>
<div  class='av-special-heading av-mmalb0ut-95d2aa1a03f35c57e258eac9866273d1 av-special-heading-h2 blockquote modern-quote  avia-builder-el-4  el_before_av_textblock  avia-builder-el-first'><h2 class='av-special-heading-tag'  itemprop="headline"  >FORFAIT « VACANCES ET COURTS SÉJOURS »</h2><div class="special-heading-border"><div class="special-heading-inner-border"></div></div></div><br />
<section  class='av_textblock_section av-eaybc-13e013c0b4b4b2471e930805637cd9ab'  itemscope="itemscope" itemtype="https://schema.org/CreativeWork" ><div class='avia_textblock'  itemprop="text" ><p><strong>Tarifs 2027 et 2028 :</strong></p>
</div></section><br />
<div  class='avia-table av-4rzo74-2fb3eb54a6bcbbdd049dd43d1f07e05b main_color avia-pricing-table-container avia_show_empty_cells avia_pricing_default  avia-builder-el-6  el_after_av_textblock  avia-builder-el-last  avia-table-1'  itemscope="itemscope" itemtype="https://schema.org/Table" ><div class="pricing-table-wrap"><ul class='pricing-table avia-highlight-col'><li class='avia-heading-row empty-table-cell'><div class='first-table-item'><span class='fallback-table-val'>Basse Saison</span></div><span class='pricing-extra'></span></li><li class=''><strong>Week-end</strong></li><li class=''><strong>Week-end prolongé ( 3 nuits )</strong></li><li class=''><strong>Nuits suivantes</strong></li><li class=''><strong>Semaine</strong></li></ul></div><div class="pricing-table-wrap"><ul class='pricing-table avia-center-col'><li class='avia-heading-row'><div class='first-table-item'>Basse Saison</div><span class='pricing-extra'></span></li><li class=''>1900</li><li class=''>2250</li><li class=''>440</li><li class=''>4000</li></ul></div><div class="pricing-table-wrap"><ul class='pricing-table avia-center-col'><li class='avia-heading-row'><div class='first-table-item'>Moy. Saison**</div><span class='pricing-extra'></span></li><li class=''>2400</li><li class=''>2800</li><li class=''>500</li><li class=''>4800</li></ul></div><div class="pricing-table-wrap"><ul class='pricing-table avia-center-col'><li class='avia-heading-row'><div class='first-table-item'>Haute Saison</div><span class='pricing-extra'></span></li><li class=''>3000</li><li class=''>3680</li><li class=''>740</li><li class=''>6640</li></ul></div></div></p></div>

<style type="text/css" data-created_by="avia_inline_auto" id="style-css-av-tj08-3ae981d1fc9277c5b1af92f594e939a9">
#top .hr.av-tj08-3ae981d1fc9277c5b1af92f594e939a9{
margin-top:30px;
margin-bottom:30px;
}
.hr.av-tj08-3ae981d1fc9277c5b1af92f594e939a9 .hr-inner{
width:600px;
max-width:45%;
}
</style>
<div  class='hr av-tj08-3ae981d1fc9277c5b1af92f594e939a9 hr-custom  avia-builder-el-7  el_after_av_two_third  el_before_av_one_full  hr-center hr-icon-yes'><span class='hr-inner inner-border-av-border-fat'><span class="hr-inner-style"></span></span><span class='av-seperator-icon' aria-hidden='true' data-av_icon='' data-av_iconfont='entypo-fontello'></span><span class='hr-inner inner-border-av-border-fat'><span class="hr-inner-style"></span></span></div>
<div class='flex_column av-cqv0w-53dc60573211f2d9e144e4744aff3de8 av_one_full  avia-builder-el-8  el_after_av_hr  avia-builder-el-last  first flex_column_div'     ><p><section  class='av_textblock_section av-mmalo35z-20c0295ab9c90ae44f49a4bb25036dbb'  itemscope="itemscope" itemtype="https://schema.org/CreativeWork" ><div class='avia_textblock'  itemprop="text" ><p><em><strong>Durée de séjour minimum : 2 nuits ;</strong></em></p>
<p><em><strong>** Moyenne Saison :</strong></em> De la mi-avril à la mi-mai et de la fin-septembre à la fin-octobre;</p>
<p>À partir de 2e week-end du juillet, les mois de juillet et août sont reserves pour la location à la semaine ;</p>
<p>Pour la location de 2 nuits comprenant un jour férié le tarif de la Haute Saison est appliqué ;</p>
<h4><strong>Le forfait Vacances et courts séjours comprend :</strong></h4>
<p>La location du <a href="https://www.moulindemaulne.com/fr/accommodation-building/">Bâtiment d'Hebergement</a> avec ses patios et terrasses, et elle comprend :</p>
<ul>
<li>toutes les charges ;</li>
<li>le linge de lit - les lits sont faits avant l’arrivée de nos hôtes ;</li>
<li>les serviettes de bain (nous ne fournissons pas les serviettes pour la piscine en revanche) ;</li>
<li>linge de table, linge de cuisine et de ménage ;</li>
<li>produit de nettoyage ;</li>
<li>le ménage (dans la condition que le lieu est laissé dans un état correct, autrement un supplément de 330 euros est demandé) ;</li>
</ul>
<p>L’accès à tous les espaces extérieurs :</p>
<ul>
<li>la piscine chauffée, sécurisée ;</li>
<li>espace pour le repas en plein air équipé en un barbecue, couvert par des voiles d’ombrage ;</li>
<li>aire de jeux ;</li>
<li>Parking ;</li>
<li>le cours d'eau, les champs et terrains du domaine ;</li>
</ul>
<p><strong>Ce forfait n’inclut pas l’accès et l’utilisation du Bâtiment de Réception, ces patios et terrasses.</strong></p>
<p><strong>Si vous choisissez le forfait « Vacances et Courts Séjours ». vous avez la garantie contractuelle que ni le Bâtiment de Réception, ni aucun autre espace du domaine n’est loué aux tiers personnes pendant votre séjour.</strong></p>
<p><strong>Vous et votre groupe, vous êtes le seuls occupants de Moulin de Maulne pendant votre week-end ou vos vacances avec cette formule.</strong></p>
</div></section><br />

<style type="text/css" data-created_by="avia_inline_auto" id="style-css-av-729a8-bfc72e79c98da3d7110884e36d331e01">
#top .hr.av-729a8-bfc72e79c98da3d7110884e36d331e01{
margin-top:30px;
margin-bottom:30px;
}
.hr.av-729a8-bfc72e79c98da3d7110884e36d331e01 .hr-inner{
width:600px;
max-width:45%;
}
</style>
<div  class='hr av-729a8-bfc72e79c98da3d7110884e36d331e01 hr-custom  avia-builder-el-10  el_after_av_textblock  el_before_av_textblock  hr-center hr-icon-yes'><span class='hr-inner inner-border-av-border-fat'><span class="hr-inner-style"></span></span><span class='av-seperator-icon' aria-hidden='true' data-av_icon='' data-av_iconfont='entypo-fontello'></span><span class='hr-inner inner-border-av-border-fat'><span class="hr-inner-style"></span></span></div><br />
<section  class='av_textblock_section av-mmalu74v-681d81ceea43850f7cce744d308df811'  itemscope="itemscope" itemtype="https://schema.org/CreativeWork" ><div class='avia_textblock'  itemprop="text" ><h4>Modalités de reservation et modes des paiements :</h4>
<p>La réservation est effectuée par la signature du contrat comprenant les condition générales de location, accompagné du règlement des arrhes ( 30% du prix total de location ).</p>
<p>Le solde est dû au plus tard 2 semaines avant le debut de votre location.</p>
<p><em>Nous acceptons les règlements par virement bancaire, par cheque ou carte de paiement (CB - Visa, V PAY, Electron – Maestro, Mastercard, règlement via un lien de paiement sécurisé,  application SogEcommerce de Société Générale).</em></p>
<p><strong>Remise des clés :</strong></p>
<p><em>Nous accueillons nos hôtes personnellement.</em> À votre arrive nous sommes ravis de prendre votre connaissance, de vous presenter le lieu et de répondre à vos questions éventuelles.</p>
<p><strong>Animaux de compagnie :</strong></p>
<p>Les animaux de compagnie sur les site ne sont pas admis.</p>
</div></section></p></div>
