{"id":663,"date":"2026-03-03T12:54:46","date_gmt":"2026-03-03T12:54:46","guid":{"rendered":"https:\/\/www.moulindemaulne.com\/?page_id=663"},"modified":"2026-03-09T15:42:47","modified_gmt":"2026-03-09T15:42:47","slug":"marriage-and-reception-package","status":"publish","type":"page","link":"https:\/\/www.moulindemaulne.com\/fr\/marriage-and-reception-package\/","title":{"rendered":"forfait Mariage et R\u00e9ceptions"},"content":{"rendered":"<div id='layer_slider_1'  class='avia-layerslider main_color avia-shadow  avia-builder-el-0  el_before_av_one_third  avia-builder-el-first  container_wrap sidebar_left'  style='height: 301px; max-width: 1180px; margin: 0 auto;'  ><\/div><div id='after_layer_slider_1'  class='main_color av_default_container_wrap container_wrap sidebar_left'  ><div class='container av-section-cont-open' ><div class='template-page content  av-content-small units'><div class='post-entry post-entry-type-page post-entry-663'><div class='entry-content-wrapper clearfix'>\n<div class='flex_column av-2qfv7r-90ee7a189b507c2b094bb5c8f018d34d av_one_third  avia-builder-el-1  el_after_av_layerslider  el_before_av_two_third  avia-builder-el-first  first flex_column_div'     ><style type=\"text\/css\" data-created_by=\"avia_inline_auto\" id=\"style-css-av-mmamekeh-3898c800bafac3416ade08ac0d4b3a0f\">\n.avia-image-container.av-mmamekeh-3898c800bafac3416ade08ac0d4b3a0f img.avia_image{\nbox-shadow:none;\n}\n.avia-image-container.av-mmamekeh-3898c800bafac3416ade08ac0d4b3a0f .av-image-caption-overlay-center{\ncolor:#ffffff;\n}\n<\/style>\n<div  class='avia-image-container av-mmamekeh-3898c800bafac3416ade08ac0d4b3a0f av-styling- avia-align-center  avia-builder-el-2  avia-builder-el-no-sibling'   itemprop=\"image\" itemscope=\"itemscope\" itemtype=\"https:\/\/schema.org\/ImageObject\" ><div class=\"avia-image-container-inner\"><div class=\"avia-image-overlay-wrap\"><img decoding=\"async\" class='wp-image-697 avia-img-lazy-loading-not-697 avia_image' src=\"https:\/\/www.moulindemaulne.com\/wp-content\/uploads\/2026\/03\/Forfait_Mariage_et_Reception.jpeg\" alt='Forfait Mariage et Reception' title='Forfait Mariage et Reception'  height=\"640\" width=\"426\"  itemprop=\"thumbnailUrl\" srcset=\"https:\/\/www.moulindemaulne.com\/wp-content\/uploads\/2026\/03\/Forfait_Mariage_et_Reception.jpeg 426w, https:\/\/www.moulindemaulne.com\/wp-content\/uploads\/2026\/03\/Forfait_Mariage_et_Reception-200x300.jpeg 200w, https:\/\/www.moulindemaulne.com\/wp-content\/uploads\/2026\/03\/Forfait_Mariage_et_Reception-8x12.jpeg 8w\" sizes=\"(max-width: 426px) 100vw, 426px\" \/><\/div><\/div><\/div><\/div><div class='flex_column av-2mbfun-4688950c931a58c31457408c42e8ad51 av_two_third  avia-builder-el-3  el_after_av_one_third  el_before_av_hr  flex_column_div'     ><p>\n<style type=\"text\/css\" data-created_by=\"avia_inline_auto\" id=\"style-css-av-mmam31ww-9cb20b841c3245b600023854ac3496f7\">\n#top .av-special-heading.av-mmam31ww-9cb20b841c3245b600023854ac3496f7{\npadding-bottom:10px;\n}\nbody .av-special-heading.av-mmam31ww-9cb20b841c3245b600023854ac3496f7 .av-special-heading-tag .heading-char{\nfont-size:25px;\n}\n.av-special-heading.av-mmam31ww-9cb20b841c3245b600023854ac3496f7 .av-subheading{\nfont-size:15px;\n}\n<\/style>\n<div  class='av-special-heading av-mmam31ww-9cb20b841c3245b600023854ac3496f7 av-special-heading-h2 blockquote modern-quote  avia-builder-el-4  el_before_av_textblock  avia-builder-el-first'><h2 class='av-special-heading-tag'  itemprop=\"headline\"  >FORFAIT \u00ab MARIAGE ET R\u00c9CEPTIONS \u00bb<\/h2><div class=\"special-heading-border\"><div class=\"special-heading-inner-border\"><\/div><\/div><\/div><br \/>\n<section  class='av_textblock_section av-mmam3fc8-815285a52bef666242e1552eeca9ae4b'  itemscope=\"itemscope\" itemtype=\"https:\/\/schema.org\/CreativeWork\" ><div class='avia_textblock'  itemprop=\"text\" ><p><strong>Tarifs 2027 et 2028<\/strong><\/p>\n<p>Cette formule comprend la location <a href=\"https:\/\/www.moulindemaulne.com\/fr\/reception-building\/\">B\u00e2timent de R\u00e9ception<\/a>, <a href=\"https:\/\/www.moulindemaulne.com\/fr\/accommodation-building\/\">B\u00e2timent d'Hebergement<\/a>, et tous les espace ext\u00e9rieurs de Moulin de Maulne, en autre, la privatisation complete du domaine.<\/p>\n<\/div><\/section><br \/>\n<div  class='avia-table av-2f35hb-10e88c2cdab8ed50d3246085313f0ce0 main_color avia-pricing-table-container avia_show_empty_cells avia_pricing_default  avia-builder-el-6  el_after_av_textblock  avia-builder-el-last  avia-table-1'  itemscope=\"itemscope\" itemtype=\"https:\/\/schema.org\/Table\" ><div class=\"pricing-table-wrap\"><ul class='pricing-table avia-highlight-col'><li class='avia-heading-row empty-table-cell'><div class='first-table-item'><span class='fallback-table-val'>Basse Saison<\/span><\/div><span class='pricing-extra'><\/span><\/li><li class=''><strong>Forfait \u00ab Mariage et R\u00e9ception \u00bb<\/strong><\/li><\/ul><\/div><div class=\"pricing-table-wrap\"><ul class='pricing-table avia-center-col'><li class='avia-heading-row'><div class='first-table-item'>Basse Saison<\/div><span class='pricing-extra'><\/span><\/li><li class=''>5850<\/li><\/ul><\/div><div class=\"pricing-table-wrap\"><ul class='pricing-table avia-center-col'><li class='avia-heading-row'><div class='first-table-item'>Moyenne Saison<\/div><span class='pricing-extra'><\/span><\/li><li class=''>6400<\/li><\/ul><\/div><div class=\"pricing-table-wrap\"><ul class='pricing-table avia-center-col'><li class='avia-heading-row'><div class='first-table-item'>Haute Saison<\/div><span class='pricing-extra'><\/span><\/li><li class=''>7200<\/li><\/ul><\/div><\/div><\/p><\/div><\/p>\n\n<style type=\"text\/css\" data-created_by=\"avia_inline_auto\" id=\"style-css-av-21uov-8436ffa7a543571c9507c72749dff78c\">\n#top .hr.av-21uov-8436ffa7a543571c9507c72749dff78c{\nmargin-top:30px;\nmargin-bottom:30px;\n}\n.hr.av-21uov-8436ffa7a543571c9507c72749dff78c .hr-inner{\nwidth:600px;\nmax-width:45%;\n}\n<\/style>\n<div  class='hr av-21uov-8436ffa7a543571c9507c72749dff78c hr-custom  avia-builder-el-7  el_after_av_two_third  el_before_av_one_full  hr-center hr-icon-yes'><span class='hr-inner inner-border-av-border-fat'><span class=\"hr-inner-style\"><\/span><\/span><span class='av-seperator-icon' aria-hidden='true' data-av_icon='\ue828' data-av_iconfont='entypo-fontello'><\/span><span class='hr-inner inner-border-av-border-fat'><span class=\"hr-inner-style\"><\/span><\/span><\/div>\n<div class='flex_column av-1d847-e0477b53d90d5e54e278e38472360a2d av_one_full  avia-builder-el-8  el_after_av_hr  avia-builder-el-last  first flex_column_div'     ><section  class='av_textblock_section av-mmam9sji-fa4a9cb04c7b5bbc17f7399a96d5ec64'  itemscope=\"itemscope\" itemtype=\"https:\/\/schema.org\/CreativeWork\" ><div class='avia_textblock'  itemprop=\"text\" ><h4>Le forfait \u00ab Mariage et r\u00e9ception \u00bb comprend :<\/h4>\n<p><em><strong>La location de 3 nuits du B\u00e2timent d\u2019H\u00e9bergement<\/strong><\/em> et de tous les espaces ext\u00e9rieurs du domaine, du vendredi 11h au lundi 11h, et elle inclut :<\/p>\n<ul>\n<li>toutes les charges ;<\/li>\n<li>le linge de lit - les lits sont faits avant l\u2019arriv\u00e9e de nos h\u00f4tes ;<\/li>\n<li>les serviettes de bain (nous ne fournissons pas les serviettes pour la piscine en revanche) ;<\/li>\n<li>linge de table, linge de cuisine et de m\u00e9nage ;<\/li>\n<li>produit de nettoyage ;<\/li>\n<li>le m\u00e9nage (dans la condition que le lieu est laiss\u00e9 dans un \u00e9tat correct, autrement un suppl\u00e9ment de 330 euros est demand\u00e9) ;<\/li>\n<li>l\u2019acc\u00e8s \u00e0 tous les espaces ext\u00e9rieurs :<\/li>\n<\/ul>\n<p>\u2013 la piscine chauff\u00e9e, s\u00e9curis\u00e9e ;<\/p>\n<p>\u2013 espace pour le repas en plein air \u00e9quip\u00e9 en un barbecue, couvert par des voiles d\u2019ombrage ;<\/p>\n<p>\u2013 aire de jeux ;<\/p>\n<p>\u2013 parking ;<\/p>\n<p>\u2013 le cours d'eau, les champs et terrains du domaine ;<\/p>\n<p><em><strong>La location de 2 nuits du B\u00e2timent de R\u00e9ception<\/strong><\/em>du vendredi 11h au dimanche 11h avec ses patios, terrasses et espaces ext\u00e9rieurs attenants et elle inclut :<\/p>\n<ul>\n<li>toutes les charges ;<\/li>\n<li>produit de nettoyage ;<\/li>\n<li>le m\u00e9nage (dans la condition que le lieu est laiss\u00e9 dans un \u00e9tat correct, autrement un suppl\u00e9ment de 630 euros est demand\u00e9) ;<\/li>\n<li>l\u2019acc\u00e8s \u00e0 tous les espaces ext\u00e9rieurs attenants, y compris l\u2019espace pour la c\u00e9r\u00e9monie la\u00efc ;<\/li>\n<\/ul>\n<p>Pour l\u2019installation sur le terrain des \u00e9quipements et am\u00e9nagements d\u2019une grande surface, comme chapiteau, barnum ou similaires, veuillez nous consulter concernant les modalit\u00e9s et \u00e9ventuel suppl\u00e9ment du tarif.<\/p>\n<\/div><\/section><br \/>\n\n<style type=\"text\/css\" data-created_by=\"avia_inline_auto\" id=\"style-css-av-86ei7-723e40ef7e6f20e1f24df716077d8c65\">\n#top .hr.av-86ei7-723e40ef7e6f20e1f24df716077d8c65{\nmargin-top:30px;\nmargin-bottom:30px;\n}\n.hr.av-86ei7-723e40ef7e6f20e1f24df716077d8c65 .hr-inner{\nwidth:600px;\nmax-width:45%;\n}\n<\/style>\n<div  class='hr av-86ei7-723e40ef7e6f20e1f24df716077d8c65 hr-custom  avia-builder-el-10  el_after_av_textblock  el_before_av_textblock  hr-center hr-icon-yes'><span class='hr-inner inner-border-av-border-fat'><span class=\"hr-inner-style\"><\/span><\/span><span class='av-seperator-icon' aria-hidden='true' data-av_icon='\ue828' data-av_iconfont='entypo-fontello'><\/span><span class='hr-inner inner-border-av-border-fat'><span class=\"hr-inner-style\"><\/span><\/span><\/div><br \/>\n<section  class='av_textblock_section av-mmamhjpc-3acb4d9e647e24220a20d8fb27318aea'  itemscope=\"itemscope\" itemtype=\"https:\/\/schema.org\/CreativeWork\" ><div class='avia_textblock'  itemprop=\"text\" ><h4>Modalit\u00e9s de reservation et modes des paiements :<\/h4>\n<p>La r\u00e9servation est effectu\u00e9e par la signature du contrat comprenant les condition g\u00e9n\u00e9rales de location, accompagn\u00e9 du r\u00e8glement des arrhes ( 30% du prix total de location ).<\/p>\n<p>Le deuxi\u00e8me paiement correspondant \u00e0 50% du solde restant est \u00e0 verser 6 mois avant la date du d\u00e9but de la location.<\/p>\n<p>Le paiement final restant est \u00e0 verser au plus tard 4 semaines avant le d\u00e9but de la location.<\/p>\n<p>Nous acceptons les r\u00e8glements par virement bancaire, par cheque ou carte de paiement (CB - Visa, V PAY, Electron \u2013 Maestro, Mastercard) via un lien de paiement s\u00e9curis\u00e9, application SogEcommerce de Soci\u00e9t\u00e9 G\u00e9n\u00e9rale, que nous\npouvons vous adresser sur votre demande.<\/p>\n<p><strong>Animaux de compagnie :<\/strong><\/p>\n<p>Les animaux de compagnie sur les site ne sont pas admis.<\/p>\n<\/div><\/section><\/p><\/div>","protected":false},"excerpt":{"rendered":"","protected":false},"author":1,"featured_media":0,"parent":0,"menu_order":0,"comment_status":"closed","ping_status":"closed","template":"","meta":{"footnotes":""},"class_list":["post-663","page","type-page","status-publish","hentry"],"_links":{"self":[{"href":"https:\/\/www.moulindemaulne.com\/fr\/wp-json\/wp\/v2\/pages\/663","targetHints":{"allow":["GET"]}}],"collection":[{"href":"https:\/\/www.moulindemaulne.com\/fr\/wp-json\/wp\/v2\/pages"}],"about":[{"href":"https:\/\/www.moulindemaulne.com\/fr\/wp-json\/wp\/v2\/types\/page"}],"author":[{"embeddable":true,"href":"https:\/\/www.moulindemaulne.com\/fr\/wp-json\/wp\/v2\/users\/1"}],"replies":[{"embeddable":true,"href":"https:\/\/www.moulindemaulne.com\/fr\/wp-json\/wp\/v2\/comments?post=663"}],"version-history":[{"count":5,"href":"https:\/\/www.moulindemaulne.com\/fr\/wp-json\/wp\/v2\/pages\/663\/revisions"}],"predecessor-version":[{"id":698,"href":"https:\/\/www.moulindemaulne.com\/fr\/wp-json\/wp\/v2\/pages\/663\/revisions\/698"}],"wp:attachment":[{"href":"https:\/\/www.moulindemaulne.com\/fr\/wp-json\/wp\/v2\/media?parent=663"}],"curies":[{"name":"wp","href":"https:\/\/api.w.org\/{rel}","templated":true}]}}

forfait Mariage et Réceptions

<div id='layer_slider_1'  class='avia-layerslider main_color avia-shadow  avia-builder-el-0  el_before_av_one_third  avia-builder-el-first  container_wrap sidebar_left'  style='height: 301px; max-width: 1180px; margin: 0 auto;'  ></div><div id='after_layer_slider_1'  class='main_color av_default_container_wrap container_wrap sidebar_left'  ><div class='container av-section-cont-open' ><div class='template-page content  av-content-small units'><div class='post-entry post-entry-type-page post-entry-663'><div class='entry-content-wrapper clearfix'>
<div class='flex_column av-2qfv7r-90ee7a189b507c2b094bb5c8f018d34d av_one_third  avia-builder-el-1  el_after_av_layerslider  el_before_av_two_third  avia-builder-el-first  first flex_column_div'     ><style type="text/css" data-created_by="avia_inline_auto" id="style-css-av-mmamekeh-3898c800bafac3416ade08ac0d4b3a0f">
.avia-image-container.av-mmamekeh-3898c800bafac3416ade08ac0d4b3a0f img.avia_image{
box-shadow:none;
}
.avia-image-container.av-mmamekeh-3898c800bafac3416ade08ac0d4b3a0f .av-image-caption-overlay-center{
color:#ffffff;
}
</style>
<div  class='avia-image-container av-mmamekeh-3898c800bafac3416ade08ac0d4b3a0f av-styling- avia-align-center  avia-builder-el-2  avia-builder-el-no-sibling'   itemprop="image" itemscope="itemscope" itemtype="https://schema.org/ImageObject" ><div class="avia-image-container-inner"><div class="avia-image-overlay-wrap"><img decoding="async" class='wp-image-697 avia-img-lazy-loading-not-697 avia_image' src="https://www.moulindemaulne.com/wp-content/uploads/2026/03/Forfait_Mariage_et_Reception.jpeg" alt='Forfait Mariage et Reception' title='Forfait Mariage et Reception'  height="640" width="426"  itemprop="thumbnailUrl" srcset="https://www.moulindemaulne.com/wp-content/uploads/2026/03/Forfait_Mariage_et_Reception.jpeg 426w, https://www.moulindemaulne.com/wp-content/uploads/2026/03/Forfait_Mariage_et_Reception-200x300.jpeg 200w, https://www.moulindemaulne.com/wp-content/uploads/2026/03/Forfait_Mariage_et_Reception-8x12.jpeg 8w" sizes="(max-width: 426px) 100vw, 426px" /></div></div></div></div><div class='flex_column av-2mbfun-4688950c931a58c31457408c42e8ad51 av_two_third  avia-builder-el-3  el_after_av_one_third  el_before_av_hr  flex_column_div'     ><p>
<style type="text/css" data-created_by="avia_inline_auto" id="style-css-av-mmam31ww-9cb20b841c3245b600023854ac3496f7">
#top .av-special-heading.av-mmam31ww-9cb20b841c3245b600023854ac3496f7{
padding-bottom:10px;
}
body .av-special-heading.av-mmam31ww-9cb20b841c3245b600023854ac3496f7 .av-special-heading-tag .heading-char{
font-size:25px;
}
.av-special-heading.av-mmam31ww-9cb20b841c3245b600023854ac3496f7 .av-subheading{
font-size:15px;
}
</style>
<div  class='av-special-heading av-mmam31ww-9cb20b841c3245b600023854ac3496f7 av-special-heading-h2 blockquote modern-quote  avia-builder-el-4  el_before_av_textblock  avia-builder-el-first'><h2 class='av-special-heading-tag'  itemprop="headline"  >FORFAIT « MARIAGE ET RÉCEPTIONS »</h2><div class="special-heading-border"><div class="special-heading-inner-border"></div></div></div><br />
<section  class='av_textblock_section av-mmam3fc8-815285a52bef666242e1552eeca9ae4b'  itemscope="itemscope" itemtype="https://schema.org/CreativeWork" ><div class='avia_textblock'  itemprop="text" ><p><strong>Tarifs 2027 et 2028</strong></p>
<p>Cette formule comprend la location <a href="https://www.moulindemaulne.com/fr/reception-building/">Bâtiment de Réception</a>, <a href="https://www.moulindemaulne.com/fr/accommodation-building/">Bâtiment d'Hebergement</a>, et tous les espace extérieurs de Moulin de Maulne, en autre, la privatisation complete du domaine.</p>
</div></section><br />
<div  class='avia-table av-2f35hb-10e88c2cdab8ed50d3246085313f0ce0 main_color avia-pricing-table-container avia_show_empty_cells avia_pricing_default  avia-builder-el-6  el_after_av_textblock  avia-builder-el-last  avia-table-1'  itemscope="itemscope" itemtype="https://schema.org/Table" ><div class="pricing-table-wrap"><ul class='pricing-table avia-highlight-col'><li class='avia-heading-row empty-table-cell'><div class='first-table-item'><span class='fallback-table-val'>Basse Saison</span></div><span class='pricing-extra'></span></li><li class=''><strong>Forfait « Mariage et Réception »</strong></li></ul></div><div class="pricing-table-wrap"><ul class='pricing-table avia-center-col'><li class='avia-heading-row'><div class='first-table-item'>Basse Saison</div><span class='pricing-extra'></span></li><li class=''>5850</li></ul></div><div class="pricing-table-wrap"><ul class='pricing-table avia-center-col'><li class='avia-heading-row'><div class='first-table-item'>Moyenne Saison</div><span class='pricing-extra'></span></li><li class=''>6400</li></ul></div><div class="pricing-table-wrap"><ul class='pricing-table avia-center-col'><li class='avia-heading-row'><div class='first-table-item'>Haute Saison</div><span class='pricing-extra'></span></li><li class=''>7200</li></ul></div></div></p></div></p>

<style type="text/css" data-created_by="avia_inline_auto" id="style-css-av-21uov-8436ffa7a543571c9507c72749dff78c">
#top .hr.av-21uov-8436ffa7a543571c9507c72749dff78c{
margin-top:30px;
margin-bottom:30px;
}
.hr.av-21uov-8436ffa7a543571c9507c72749dff78c .hr-inner{
width:600px;
max-width:45%;
}
</style>
<div  class='hr av-21uov-8436ffa7a543571c9507c72749dff78c hr-custom  avia-builder-el-7  el_after_av_two_third  el_before_av_one_full  hr-center hr-icon-yes'><span class='hr-inner inner-border-av-border-fat'><span class="hr-inner-style"></span></span><span class='av-seperator-icon' aria-hidden='true' data-av_icon='' data-av_iconfont='entypo-fontello'></span><span class='hr-inner inner-border-av-border-fat'><span class="hr-inner-style"></span></span></div>
<div class='flex_column av-1d847-e0477b53d90d5e54e278e38472360a2d av_one_full  avia-builder-el-8  el_after_av_hr  avia-builder-el-last  first flex_column_div'     ><section  class='av_textblock_section av-mmam9sji-fa4a9cb04c7b5bbc17f7399a96d5ec64'  itemscope="itemscope" itemtype="https://schema.org/CreativeWork" ><div class='avia_textblock'  itemprop="text" ><h4>Le forfait « Mariage et réception » comprend :</h4>
<p><em><strong>La location de 3 nuits du Bâtiment d’Hébergement</strong></em> et de tous les espaces extérieurs du domaine, du vendredi 11h au lundi 11h, et elle inclut :</p>
<ul>
<li>toutes les charges ;</li>
<li>le linge de lit - les lits sont faits avant l’arrivée de nos hôtes ;</li>
<li>les serviettes de bain (nous ne fournissons pas les serviettes pour la piscine en revanche) ;</li>
<li>linge de table, linge de cuisine et de ménage ;</li>
<li>produit de nettoyage ;</li>
<li>le ménage (dans la condition que le lieu est laissé dans un état correct, autrement un supplément de 330 euros est demandé) ;</li>
<li>l’accès à tous les espaces extérieurs :</li>
</ul>
<p>– la piscine chauffée, sécurisée ;</p>
<p>– espace pour le repas en plein air équipé en un barbecue, couvert par des voiles d’ombrage ;</p>
<p>– aire de jeux ;</p>
<p>– parking ;</p>
<p>– le cours d'eau, les champs et terrains du domaine ;</p>
<p><em><strong>La location de 2 nuits du Bâtiment de Réception</strong></em>du vendredi 11h au dimanche 11h avec ses patios, terrasses et espaces extérieurs attenants et elle inclut :</p>
<ul>
<li>toutes les charges ;</li>
<li>produit de nettoyage ;</li>
<li>le ménage (dans la condition que le lieu est laissé dans un état correct, autrement un supplément de 630 euros est demandé) ;</li>
<li>l’accès à tous les espaces extérieurs attenants, y compris l’espace pour la cérémonie laïc ;</li>
</ul>
<p>Pour l’installation sur le terrain des équipements et aménagements d’une grande surface, comme chapiteau, barnum ou similaires, veuillez nous consulter concernant les modalités et éventuel supplément du tarif.</p>
</div></section><br />

<style type="text/css" data-created_by="avia_inline_auto" id="style-css-av-86ei7-723e40ef7e6f20e1f24df716077d8c65">
#top .hr.av-86ei7-723e40ef7e6f20e1f24df716077d8c65{
margin-top:30px;
margin-bottom:30px;
}
.hr.av-86ei7-723e40ef7e6f20e1f24df716077d8c65 .hr-inner{
width:600px;
max-width:45%;
}
</style>
<div  class='hr av-86ei7-723e40ef7e6f20e1f24df716077d8c65 hr-custom  avia-builder-el-10  el_after_av_textblock  el_before_av_textblock  hr-center hr-icon-yes'><span class='hr-inner inner-border-av-border-fat'><span class="hr-inner-style"></span></span><span class='av-seperator-icon' aria-hidden='true' data-av_icon='' data-av_iconfont='entypo-fontello'></span><span class='hr-inner inner-border-av-border-fat'><span class="hr-inner-style"></span></span></div><br />
<section  class='av_textblock_section av-mmamhjpc-3acb4d9e647e24220a20d8fb27318aea'  itemscope="itemscope" itemtype="https://schema.org/CreativeWork" ><div class='avia_textblock'  itemprop="text" ><h4>Modalités de reservation et modes des paiements :</h4>
<p>La réservation est effectuée par la signature du contrat comprenant les condition générales de location, accompagné du règlement des arrhes ( 30% du prix total de location ).</p>
<p>Le deuxième paiement correspondant à 50% du solde restant est à verser 6 mois avant la date du début de la location.</p>
<p>Le paiement final restant est à verser au plus tard 4 semaines avant le début de la location.</p>
<p>Nous acceptons les règlements par virement bancaire, par cheque ou carte de paiement (CB - Visa, V PAY, Electron – Maestro, Mastercard) via un lien de paiement sécurisé, application SogEcommerce de Société Générale, que nous
pouvons vous adresser sur votre demande.</p>
<p><strong>Animaux de compagnie :</strong></p>
<p>Les animaux de compagnie sur les site ne sont pas admis.</p>
</div></section></p></div>
